 is 8 + b?
14
In base 5, what is -10 + -200?
-210
In base 3, what is 1122 + 1?
1200
In base 12, what is 49 + -4?
45
In base 10, what is 22 - 8?
14
In base 6, what is -13 + -343?
-400
In base 9, what is 14 - -18?
33
In base 13, what is 2c9 - -10?
309
In base 15, what is 1908 + 1?
1909
In base 16, what is 5 - -1cc?
1d1
In base 6, what is 54342 - -2?
54344
In base 12, what is -1266 + 2?
-1264
In base 13, what is 107 - -34?
13b
In base 2, what is -110000 - -10001?
-11111
In base 8, what is -4 - 71?
-75
In base 14, what is -2 - -32b?
329
In base 8, what is 4 - 207?
-203
In base 12, what is -65 - 1a?
-83
In base 6, what is 231 + 10?
241
In base 11, what is 5 - -2a?
34
In base 4, what is -1203 + -2?
-1211
In base 13, what is 2 - 238?
-236
In base 2, what is -101000100010 - -1?
-101000100001
In base 6, what is 21 + 4?
25
In base 10, what is 255 - -5?
260
In base 16, what is 18 + 261?
279
In base 16, what is -2e + 8e?
60
In base 3, what is 120 - 21?
22
In base 14, what is -2c + 1c4?
196
In base 6, what is -10 - 11430?
-11440
In base 7, what is 11026 + -3?
11023
In base 4, what is -11 + 1200?
1123
In base 9, what is -165 + -4?
-170
In base 15, what is 9e - -5?
a4
In base 16, what is -a + 1b2?
1a8
In base 3, what is -1 + -1112?
-1120
In base 15, what is 5 - -33?
38
In base 2, what is 1110110110 + 1?
1110110111
In base 10, what is -16 + 528?
512
In base 11, what is -6 - -1?
-5
In base 11, what is -4674 - 2?
-4676
In base 4, what is -100 - 23?
-123
In base 16, what is -43 + -11?
-54
In base 15, what is -7 - 40?
-47
In base 7, what is -3 + 121?
115
In base 3, what is -1112 - -22?
-1020
In base 9, what is -48 + 115?
56
In base 7, what is -16 + -2026?
-2045
In base 9, what is -2133 - -3?
-2130
In base 15, what is 5 - 48?
-43
In base 4, what is 11 + 200200?
200211
In base 10, what is -660 + 1?
-659
In base 16, what is 1 - -b3?
b4
In base 12, what is -3 - -44?
41
In base 8, what is -1702 + 1?
-1701
In base 10, what is 372 - 13?
359
In base 6, what is -34 + -151?
-225
In base 4, what is 3 - 2102?
-2033
In base 15, what is -c97 - -1?
-c96
In base 3, what is 2100 + 11?
2111
In base 3, what is 20201 - 0?
20201
In base 2, what is -111010011 - 101?
-111011000
In base 12, what is 8 + a?
16
In base 9, what is -3161 - 4?
-3165
In base 2, what is 110011 + 100?
110111
In base 3, what is -11 + -221?
-1002
In base 13, what is -535 + -2?
-537
In base 2, what is 0 - -100?
100
In base 6, what is -1432 + -2?
-1434
In base 16, what is -17 - -2?
-15
In base 9, what is 3 + 43?
46
In base 14, what is 175 - -3?
178
In base 11, what is -2 + a7?
a5
In base 14, what is -3c4 + c?
-3b6
In base 12, what is -51 - 19?
-6a
In base 9, what is -81 - -7?
-73
In base 3, what is -1 - 1012012?
-1012020
In base 2, what is -10010010101 + -100?
-10010011001
In base 12, what is 157 + 5?
160
In base 11, what is 3805 - 3?
3802
In base 3, what is -100 - -10020?
2220
In base 6, what is -222 + -5?
-231
In base 12, what is 5 + 599?
5a2
In base 11, what is 14 + -92?
-79
In base 9, what is -5 - 76?
-82
In base 8, what is 55 + -7?
46
In base 6, what is -4 + 105?
101
In base 13, what is -96 + 7?
-8c
In base 5, what is -1 + -1441?
-1442
In base 11, what is 466 + 0?
466
In base 7, what is -5 + 2164?
2156
In base 5, what is -10 - -224?
214
In base 10, what is -41 - 13?
-54
In base 2, what is -101 - 10100110?
-10101011
In base 14, what is -1b9 + -4?
-1bd
In base 7, what is 2 + 52?
54
In base 13, what is 1 + 59?
5a
In base 11, what is 25 - -2?
27
In base 7, what is 5330 + -5?
5322
In base 10, what is -2 - -1608?
1606
In base 7, what is -125424 - 4?
-125431
In base 16, what is 4 + 57?
5b
In base 16, what is -8 - dc3?
-dcb
In base 4, what is -300131 + 10?
-300121
In base 5, what is -4242 - 0?
-4242
In base 4, what is 10 - -12021?
12031
In base 16, what is -110 - -6?
-10a
In base 5, what is -234 + -3?
-242
In base 14, what is 91 + -8?
87
In base 9, what is -113 + -130?
-243
In base 16, what is -3 + -5?
-8
In base 13, what is 2 - 152?
-150
In base 3, what is 2200210 + -11?
2200122
In base 14, what is 1448 - -6?
1450
In base 14, what is 53d - -4?
543
In base 3, what is 102221 + -20?
102201
In base 15, what is 5 - 1d?
-18
In base 11, what is 1 + 656?
657
In base 10, what is 2071 + 1?
2072
In base 16, what is -8 + 18?
10
In base 8, what is 2323 + -5?
2316
In base 14, what is -1ca6 + 2?
-1ca4
In base 7, what is 1 - 14?
-13
In base 13, what is -3 + 246?
243
In base 3, what is 201 - 1010?
-102
In base 14, what is 1 - 846?
-845
In base 4, what is -1 - 1111?
-1112
In base 13, what is 9b - 3?
98
In base 6, what is -4 - 1530?
-1534
In base 10, what is 1368 - 5?
1363
In base 5, what is -4033 + 103?
-3430
In base 12, what is -218 - 1?
-219
In base 14, what is 1c + -18?
4
In base 7, what is -11 - -11?
0
In base 16, what is 9 - -22?
2b
In base 3, what is 0 + -10220?
-10220
In base 4, what is 2 + -1312?
-1310
In base 13, what is 1 + -1c0?
-1bc
In base 10, what is 37 + -132?
-95
In base 3, what is 11 - 101?
-20
In base 7, what is 53 - -4?
60
In base 16, what is -261 + -3?
-264
In base 10, what is -390 - 3?
-393
In base 11, what is 658 + 3?
660
In base 8, what is -4 + -4250?
-4254
In base 4, what is -2 + 202030?
202022
In base 13, what is -63 + -1b?
-81
In base 10, what is -308 - -1?
-307
In base 7, what is -3165 - 0?
-3165
In base 12, what is -2 - 11?
-13
In base 6, what is -2110 - 3?
-2113
In base 15, what is 5 - -422?
427
In base 9, what is -3 + -608?
-612
In base 7, what is 1 + 250?
251
In base 4, what is 2013 + -2?
2011
In base 13, what is -1 + -1?
-2
In base 7, what is -4321 - 2?
-4323
In base 13, what is -4 - -1076?
1072
In base 13, what is 0 - -108?
108
In base 15, what is -55 - 0?
-55
In base 13, what is 0 - -33b?
33b
In base 14, what is -50 - -5?
-49
In base 12, what is -76 - 0?
-76
In base 16, what is 2776 - -2?
2778
In base 10, what is -2 - 418?
-420
In base 3, what is 11020 - -11?
11101
In base 2, what is -10110 + 1?
-10101
In base 7, what is -23200 - 5?
-23205
In base 6, what is -41 - 2230?
-2311
In base 8, what is 27 - 6?
21
In base 3, what is 1011200212 - -2?
1011200221
In base 3, what is -10220 - -2212?
-1001
In base 6, what is 1205 - 5?
1200
In base 11, what is -419 + 0?
-419
In base 5, what is 1133 + 0?
1133
In base 11, what is -4 - 167?
-170
In base 12, what is 64 - -ab?
153
In base 13, what is -94 + 1?
-93
In base 7, what is 246 + 1?
250
In base 9, what is -6 - -1473?
1466
In base 12, what is 4 - -145?
149
In base 8, what is 57 + -1?
56
In base 2, what is -11010110 - 11?
-11011001
In base 7, what is -10062 - -1?
-10061
In base 10, what is 1 - 116?
-115
In base 8, what is 3 - 75?
-72
In base 3, what is 10011210 + 0?
10011210
In base 7, what is -6 + -5316?
-5325
In base 10, what is 3 + -313?
-310
In base 16, what is 4ee - 8?
4e6
In base 12, what is -376 + 0?
-376
In base 14, what is -5 + 26?
21
In base 7, what is -466 - -4?
-462
In base 3, what is 101 + -20?
11
In base 5, what is 4 + -13112?
-13103
In base 13, what is 4 + -c62?
-c5b
In base 11, what is a + -7?
3
In base 8, what is -1311 + -2?
-1313
In base 10, what is 29 + -28?
1
In base 6, what is -20 - -510?
450
In base 16, what is -1a8 - -2?
-1a6
In base 4, what is -313 - 21?
-1000
In base 9, what is 32 + -81?
-48
In base 16, what is -4 - -5a?
56
In base 6, what is -1000 - -2?
-554
In base 8, what is -4 - -351?
345
In base 12, what is -320 + 5?
-317
In base 8, what is -1 - -20206?
20205
In base 9, what is 164 + -2?
162
In base 3, what is 1100112 + -22?
1100020
In base 10, what is -5 - 3085?
-3090
In base 6, what is -2 + -1334?
-1340
In base 2, what is -101111011 + 10?
-101111001
In base 13, what is 365 + 0?
365
In base 9, what is 8612 + 4?
8616
In base 7, what is -234 + -61?
-325
In base 6, what is -2 - -113?
111
In base 5, what is 132 - -100?
232
In base 8, what is 17 - 3402?
-3363
In base 13, what is 2 + -418?
-416
In base 7, what is -50 - 1300?
-1350
In base 5, what is -102 - -4?
-43
In base 10, what is 0 - 568?
-568
In base 13, what is 1236 + -2?
1234
In base 16, what is 3 - 5d?
-5a
In base 5, what is -3220 + -10?
-3230
In base 8, what is -11043 - 4?
-11047
In base 7, what is -13 + -212?
-225
In base 10, what is 282 + 3?
285
In base 10, what is 65 + 12?
77
In base 13, what is -5 + -2?
-7
In base 2, what is -1001101 - -11?
-1001010
In base 16, what is 54 + 